).
28
Let u(i) = i**3 + 11*i**2 + 9*i - 3. Give u(-10).
7
Let u(z) = -z**2 - 10*z + 15. What is u(-14)?
-41
Let z(i) = -3*i - 74. Calculate z(-25).
1
Let x(g) = -g**2 + 10*g. Calculate x(9).
9
Let k(i) = -i**3 + 7*i**2 + 7*i - 2. Determine k(8).
-10
Let l(o) = -2*o + 19. Give l(0).
19
Let n(v) = v**2 + 10. Calculate n(0).
10
Let f(i) = -i**2 - 40*i - 274. Determine f(-31).
5
Let g(p) = p**2 - 17*p + 30. What is g(13)?
-22
Let x(v) = -8*v - 17. Determine x(10).
-97
Let h(p) = -12*p + 8. Give h(-5).
68
Let x(q) = -q**3 - 5*q**2 + 7. Determine x(-5).
7
Let x(w) = w**3 + 11*w**2 - 4*w - 41. Calculate x(-11).
3
Let o(r) = -2*r**2 + 54*r - 2. Determine o(27).
-2
Let r(b) = 2*b**2 + 59*b - 35. Give r(-30).
-5
Let w(n) = -n**2 + 7*n + 3. Determine w(8).
-5
Let x(c) = -c - 5. Calculate x(-8).
3
Let h(y) = -15*y - 181. Determine h(-12).
-1
Let b(l) = -l**3 - 7*l**2 - 2*l + 1. Give b(-6).
-23
Let t(g) = g**3 + g + 65. Determine t(0).
65
Let p(d) = -2*d**2 + 2*d - 8. Calculate p(0).
-8
Let b(c) = c**3 + 9*c**2 + 8*c - 5. Give b(-8).
-5
Let b(d) = d**2 - 10*d + 8. Determine b(7).
-13
Let x(t) = 6*t - 22. What is x(-7)?
-64
Let j(g) = -2*g**3 - 5*g**2 - 6*g - 3. Determine j(-2).
5
Let m(s) = 20*s - 47. Determine m(3).
13
Let d(b) = 5*b - 17. Calculate d(7).
18
Let d(n) = -9*n - 4. Calculate d(4).
-40
Let d(f) = -f**3 - 4*f**2 + 6*f - 5. Calculate d(-5).
-10
Let b(g) = g**2 + g + 1. What is b(4)?
21
Let f(c) = c**2 - 2*c - 1. Determine f(11).
98
Let r(u) = 207*u + 192. Determine r(-1).
-15
Let f(h) = -3*h**2 + 12*h + 9. Give f(5).
-6
Let x(g) = -g**3 - 11*g**2 - 18*g - 32. Calculate x(-9).
-32
Let p(u) = u**2 + 3*u - 15. What is p(-13)?
115
Let l(g) = 2*g - 19. What is l(17)?
15
Let b(n) = n**2 + 4*n + 2. Determine b(-6).
14
Let x(m) = 20*m - 16. What is x(2)?
24
Let y(c) = -c**3 - 9*c**2 + 3*c + 21. Give y(-9).
-6
Let q(y) = y**3 + 69*y**2 + 138*y + 260. Calculate q(-67).
-8
Let m(a) = 3*a + 93. Give m(0).
93
Let q(y) = -3*y**2 - 2*y + 3. Give q(-3).
-18
Let q(n) = -5*n**2 + 19*n + 7. Determine q(4).
3
Let s(t) = t - 6. What is s(13)?
7
Let g(x) = -x**3 + 8*x**2 + 13*x + 19. What is g(10)?
-51
Let a(i) = -i**3 + 19*i**2 - 19*i + 26. What is a(18)?
8
Let k(a) = a**2 + 11*a - 5. What is k(-10)?
-15
Let u(b) = 8*b**2 + 2*b + 1. Determine u(-1).
7
Let b(w) = 58*w**2 - 2*w + 1. Determine b(1).
57
Let n(x) = -x**2 + 13*x + 24. Calculate n(14).
10
Let h(j) = j**3 - 15*j**2 - 16*j - 8. Give h(16).
-8
Let v(f) = f**3 - 8*f**2 - 5*f - 32. What is v(9)?
4
Let c(q) = -q**2 + q + 2. Determine c(0).
2
Let o(z) = z**2 + 12*z + 4. Calculate o(-12).
4
Let n(w) = w**2 - 11*w + 3. Determine n(8).
-21
Let s(h) = -h**3 - 7*h**2 + 6*h - 20. Determine s(-8).
-4
Let u(q) = 4*q**2 - q - 1. What is u(-1)?
4
Let d(a) = a**3 - 9*a**2 + 13*a + 11. What is d(7)?
4
Let t(n) = -n**3 + 4*n**2 + 8*n - 1. Give t(6).
-25
Let d(k) = -k**3 - 7*k**2 - 2*k + 16. Determine d(-6).
-8
Let m(n) = -n**2 + n + 28. Calculate m(0).
28
Let k(z) = -z**2 + 8*z + 10. What is k(-1)?
1
Let b(o) = 3*o**2 - 30*o + 28. Calculate b(11).
61
Let l(j) = -j**2 + 17*j + 8. Determine l(17).
8
Let u(z) = z + 8. What is u(0)?
8
Let x(s) = -s**2 + 11*s + 1. Give x(11).
1
Let r(b) = -2*b + 39. Calculate r(18).
3
Let l(a) = -2*a - 7. Determine l(-12).
17
Let h(v) = -v**3 + 10*v**2 + v + 7. What is h(10)?
17
Let o(v) = -6*v - 10. Determine o(2).
-22
Let u(v) = -7*v - 2. Give u(-3).
19
Let w(d) = 58*d + 2. Calculate w(1).
60
Let w(r) = r**3 - 9*r**2 - 11*r + 16. Give w(10).
6
Let m(k) = 4*k + 11. Determine m(-3).
-1
Let w(h) = -h**3 - 8*h**2 - 5*h - 2. Give w(-7).
-16
Let j(i) = 12*i + 1. Determine j(-1).
-11
Let q(h) = h**2 - 11*h + 3. Determine q(12).
15
Let q(d) = -d**3 + 8*d**2 - 7*d + 1. Calculate q(6).
31
Let z(c) = c**2 - 14*c + 28. Calculate z(12).
4
Let i(r) = 2*r**2 - 2*r - 1. Give i(-4).
39
Let b(l) = l**3 + 13*l**2 + 18. Give b(-13).
18
Let f(o) = -o - 3. What is f(-5)?
2
Let o(j) = j**3 + 4*j**2 - 9*j - 9. Calculate o(-5).
11
Let c(g) = 7*g - 2. Give c(0).
-2
Let l(h) = h**3 - h**2 + h + 1. What is l(3)?
22
Let d(l) = 17*l + 603. Calculate d(-35).
8
Let z(q) = q**2 - 4*q - 19. Determine z(8).
13
Let t(n) = -n**3 + 21*n**2 - 18*n - 46. Give t(20).
-6
Let o(g) = -g**2 - 12*g - 23. Calculate o(-11).
-12
Let r(s) = -s**2 - 14*s + 144. Calculate r(7).
-3
Let o(y) = -4*y + 3. Calculate o(4).
-13
Let g(k) = k**2 + 12*k + 12. Determine g(-11).
1
Let c(k) = -10*k + 50. Calculate c(12).
-70
Let x(v) = 2*v - 19. Determine x(4).
-11
Let p(w) = 4*w - 46. Determine p(12).
2
Let q(r) = -r**2 - 2*r + 6. Determine q(-4).
-2
Let h(s) = -20*s + 13. Calculate h(-1).
33
Let s(r) = 140*r - 1126. Give s(8).
-6
Let t(j) = 17*j + 36. Give t(-2).
2
Let u(q) = -q**3 + 5*q**2 + 9*q - 61. Determine u(4).
-9
Let h(y) = 33*y + 270. Give h(-8).
6
Let u(z) = z**3 + 6*z**2 + 3*z + 1. Calculate u(-6).
-17
Let r(q) = -q - 30. Give r(-22).
-8
Let v(d) = -3*d. Give v(8).
-24
Let k(f) = -6*f - 37. Calculate k(-5).
-7
Let b(x) = -x**2 + 9*x + 20. Calculate b(10).
10
Let r(g) = -4*g + 49. Give r(13).
-3
Let y(q) = -8*q - 6. What is y(6)?
-54
Let i(s) = s**3 - 4*s**2 + 2*s + 2. Calculate i(3).
-1
Let n(k) = -k**3 + 21*k**2 + 103*k - 67. What is n(25)?
8
Let p(h) = -3*h + 76. Determine p(23).
7
Let a(v) = v**3 + 11*v**2 + 27*v + 85. Determine a(-9).
4
Let d(s) = -15*s + 1. What is d(1)?
-14
Let m(i) = 3*i - 9. What is m(4)?
3
Let z(v) = -18*v + 15. What is z(1)?
-3
Let k(g) = g**2 - 5*g - 1. Give k(5).
-1
Let s(h) = -2*h**2 + 36*h - 9. Give s(13).
121
Let y(s) = -s + 3. Give y(6).
-3
Let i(s) = -s**2 + 8*s + 3. What is i(8)?
3
Let t(h) = h**3 + h - 25. Calculate t(0).
-25
Let c(u) = u**3 - 4*u**2 + 3*u - 5. Give c(2).
-7
Let j(z) = z**2 - 17*z + 45. Determine j(11).
-21
Let m(n) = n**3 - n**2 + 3. Determine m(0).
3
Let q(h) = -h**3 - 13*h**2 + 14*h + 10. Give q(-14).
10
Let t(c) = -c**3 + 7*c**2 + 2*c + 9. What is t(7)?
23
Let q(v) = -v**3 + 17*v - 6. Calculate q(4).
-2
Let c(o) = -46*o - 273. Calculate c(-6).
3
Let h(c) = c. What is h(5)?
5
Let y(f) = f**3 + 12*f**2 - 4*f - 8. Calculate y(-12).
40
Let g(b) = -b**3 - b**2 + 21. Determine g(0).
21
Let j(o) = -10*o**3 - 2*o**2 + 1. What is j(1)?
-11
Let l(i) = -i**3 - 23*i**2 - 40*i + 53. Calculate l(-21).
11
Let q(l) = -l**3 + 28*l**2 - 27*l - 8. What is q(27)?
-8
Let q(j) = -2*j**2 - 22*j + 5. What is q(-11)?
5
Let b(z) = -z**2 - 8*z - 14. Give b(-3).
1
Let r(p) = 15*p**2 - 4*p - 4. Give r(-1).
15
Let s(c) = -c**3 - 10*c**2 - 9*c + 7. What is s(-9)?
7
Let t(x) = -x**3 - 16*x**2 - 31*x - 47. Determine t(-14).
-5
Let a(o) = o**2 - 38*o + 76. Give a(36).
4
Let r(l) = -53*l - 5. Calculate r(2).
-111
Let k(w) = w**3 - 8*w**2 + 8*w - 15. What is k(7)?
-8
Let r(m) = 3*m**2 + 14*m - 1. What is r(-4)?
-9
Let m(s) = s - 36. What is m(-8)?
-44
Let z(x) = -5*x - 1. Determine z(2).
-11
Let g(k) = 12*k - 1. Calculate g(-1).
-13
Let n(d) = -d**3 - 14*d**2 - 31*d + 7. What is n(-11)?
-15
Let l(t) = 2*t**2 - 17*t - 4. What is l(8)?
-12
Let z(x) = -12*x - 12. What is z(-2)?
12
Let k(n) = n**2 + 16*n + 60. Determine k(-10).
0
Let q(b) = b**3 + 13*b**2 + 16*b + 30. Determine q(-12).
-18
Let y(n) = 2*n**2 + 39*n + 184. What is y(-8)?
0
Let z(x) = -3*x + 6. Give z(4).
-6
Let u(r) = -19*r + 311. What is u(16)?
7
Let i(d) = -d**2 - 5*d + 93. What is i(-12)?
9
Let c(v) = v - 9. Determine c(3).
-6
Let w(u) = -u**2 + 14*u - 21. Give w(12).
3
Let g(m) = -3*m - 3. Determine g(-7).
18
Let a(w) = w**3 + 5*w**2 - 2*w + 4. Calculate a(-5).
14
Let z(w) = 2*w - 5. Give z(5).
5
Let p(g) = -7*g**2 + 5*g - 5. Determine p(2).
-23
Let m(k) = 2*k**3 - 7*k + 1. Calculate m(4).
101
Let o(a) = -5*a**3 + 8*a**2 - 11*a. Calculate o(2).
-30
Let f(g) = 2*g**3 + 2*g**2 - 4*g - 3. Give f(-3).
-27
Let b(y) = -y**3 + 4*y**2 + y + 1. What is b(2)?
11
Let z(j) = 8*j**2 - 312*j. What is z(39)?
0
Let r(f) = 3*f**2 + 33*f - 6. Calculate r(-10).
-36
Let i(q) = q**2 - 30*q + 83. Determine i(27).
2
Let a(u) = -7*u - 35. What is a(-3)?
-14
Let x(r) = -r**2 + 15*r + 16. Give x(16).
0
Let s(x) = -18*x - 76. Calculate s(-4).
-4
Let u(y) = y**2 + 2*y + 7. Determine u(0).
7
Let t(s) = s**2 + 18*s - 5. Determine t(-19).
14
Let p(n) = -2*n + 18. What is p(10)?
-2
Let g(n) = 4*n + 20. Calculate g(-13).
-32
Let q(j) = -3*j + 172. Give q(57).
1
Let y(j) = -6*j + 3. What 